{"id":996,"date":"2020-01-05T14:25:12","date_gmt":"2020-01-05T13:25:12","guid":{"rendered":"http:\/\/www.planvertical.ch\/site\/?page_id=996"},"modified":"2020-01-06T09:34:22","modified_gmt":"2020-01-06T08:34:22","slug":"chantiers-2016","status":"publish","type":"page","link":"http:\/\/www.planvertical.ch\/site\/chantiers-2016\/","title":{"rendered":"Chantiers 2016"},"content":{"rendered":"<p><strong>R\u00e9(\u00e9)<\/strong><span style=\"color: #000000;\"><span style=\"caret-color: #000000;\"><b>\u00e9quipement<\/b><\/span><\/span><\/p>\n<ul>\n<li>\u00a0<strong>Mi\u00e9ville,<\/strong>\u00a0deux longues voies abordables r\u00e9\u00e9quip\u00e9es; <em>Si c\u2019est<\/em> <em>elle<\/em>, \u00a0(avec une nouvelle sortie facile) et la classique des ann\u00e9es 80&prime; de Laurent Monnet \u00a0<em>Pili Pili<\/em>\u00a0; deux merveilles. (topo dans le site et les carnets d&rsquo;escalade).<\/li>\n<\/ul>\n","protected":false},"excerpt":{"rendered":"<p>R\u00e9(\u00e9)\u00e9quipement \u00a0Mi\u00e9ville,\u00a0deux longues voies abordables r\u00e9\u00e9quip\u00e9es; Si c\u2019est elle, \u00a0(avec une nouvelle sortie facile) et la classique des ann\u00e9es 80&prime;&hellip;<\/p>\n","protected":false},"author":1,"featured_media":0,"parent":0,"menu_order":0,"comment_status":"open","ping_status":"open","template":"","meta":[],"_links":{"self":[{"href":"http:\/\/www.planvertical.ch\/site\/wp-json\/wp\/v2\/pages\/996"}],"collection":[{"href":"http:\/\/www.planvertical.ch\/site\/wp-json\/wp\/v2\/pages"}],"about":[{"href":"http:\/\/www.planvertical.ch\/site\/wp-json\/wp\/v2\/types\/page"}],"author":[{"embeddable":true,"href":"http:\/\/www.planvertical.ch\/site\/wp-json\/wp\/v2\/users\/1"}],"replies":[{"embeddable":true,"href":"http:\/\/www.planvertical.ch\/site\/wp-json\/wp\/v2\/comments?post=996"}],"version-history":[{"count":4,"href":"http:\/\/www.planvertical.ch\/site\/wp-json\/wp\/v2\/pages\/996\/revisions"}],"predecessor-version":[{"id":1024,"href":"http:\/\/www.planvertical.ch\/site\/wp-json\/wp\/v2\/pages\/996\/revisions\/1024"}],"wp:attachment":[{"href":"http:\/\/www.planvertical.ch\/site\/wp-json\/wp\/v2\/media?parent=996"}],"curies":[{"name":"wp","href":"https:\/\/api.w.org\/{rel}","templated":true}]}}