{"id":1058,"date":"2021-01-02T11:43:38","date_gmt":"2021-01-02T10:43:38","guid":{"rendered":"http:\/\/www.planvertical.ch\/site\/?page_id=1058"},"modified":"2021-05-19T16:48:32","modified_gmt":"2021-05-19T15:48:32","slug":"accueil","status":"publish","type":"page","link":"http:\/\/www.planvertical.ch\/site\/","title":{"rendered":"Accueil"},"content":{"rendered":"<p>Depuis plus de 50 ans, la plupart des itin\u00e9raires ont \u00e9t\u00e9 gravis et \u00e9quip\u00e9s par des pionniers mus par leur seule passion dans chaque r\u00e9gion, souvent avec les moyens du bord et \u00e0 leurs frais.\u00a0Aujourd\u2019hui, il est essentiel de revisiter les voies en tenant compte notamment du spectaculaire engouement pour l&rsquo;escalade, du r\u00e9chauffement climatique, de l&rsquo;effondrement des biodiversit\u00e9s et des nouvelles normes s\u00e9curitaires, bref des spectaculaires \u00e9volutions humaines et naturelles.<br \/>\nL&rsquo;id\u00e9e de notre association fond\u00e9e en 2010 : valoriser la richesse de notre patrimoine vertical en fournissant conseil et mat\u00e9riel aux \u00e9quipeurs le souhaitant.<\/p>\n<p><a href=\"http:\/\/www.planvertical.ch\/site\/wp-content\/uploads\/2021\/01\/logo-PV.png\"><img loading=\"lazy\" class=\"aligncenter size-medium wp-image-1064\" src=\"http:\/\/www.planvertical.ch\/site\/wp-content\/uploads\/2021\/01\/logo-PV-300x300.png\" alt=\"logo PV\" width=\"300\" height=\"300\" srcset=\"http:\/\/www.planvertical.ch\/site\/wp-content\/uploads\/2021\/01\/logo-PV-300x300.png 300w, http:\/\/www.planvertical.ch\/site\/wp-content\/uploads\/2021\/01\/logo-PV-150x150.png 150w, http:\/\/www.planvertical.ch\/site\/wp-content\/uploads\/2021\/01\/logo-PV-1024x1024.png 1024w, http:\/\/www.planvertical.ch\/site\/wp-content\/uploads\/2021\/01\/logo-PV-210x210.png 210w, http:\/\/www.planvertical.ch\/site\/wp-content\/uploads\/2021\/01\/logo-PV.png 1772w\" sizes=\"(max-width: 300px) 100vw, 300px\" \/><\/a><\/p>\n<p><strong>NOS BUTS :<\/strong><\/p>\n<p>1. Soutien \u00e0 l\u2019entretien et l\u2019am\u00e9nagement des sites d\u2019escalade<\/p>\n<p>2. R\u00e9\u00e9quipement et \u00e9quipement de voies<\/p>\n<p>3. Coordination et synergies avec les forces en pr\u00e9sence; humaines, politiques et naturelles<\/p>\n<p>4. Cr\u00e9ation d\u2019un r\u00e9seau fort dans lequel les informations circulent avec efficacit\u00e9.<\/p>\n<p>5. Diffusion de nouveaut\u00e9s, infos et topos<\/p>\n<p>6. M\u00e9diation avec les instances officielles et les communes pour d\u00e9fendre l\u2019activit\u00e9<\/p>\n<p>7. Organisation de manifestations autour de l\u2019escalade.<\/p>\n<p>8. Aide \u00e0 la publication de projets en lien avec l\u2019escalade.<\/p>\n","protected":false},"excerpt":{"rendered":"<p>Depuis plus de 50 ans, la plupart des itin\u00e9raires ont \u00e9t\u00e9 gravis et \u00e9quip\u00e9s par des pionniers mus par leur&hellip;<\/p>\n","protected":false},"author":1,"featured_media":0,"parent":0,"menu_order":0,"comment_status":"closed","ping_status":"open","template":"","meta":[],"_links":{"self":[{"href":"http:\/\/www.planvertical.ch\/site\/wp-json\/wp\/v2\/pages\/1058"}],"collection":[{"href":"http:\/\/www.planvertical.ch\/site\/wp-json\/wp\/v2\/pages"}],"about":[{"href":"http:\/\/www.planvertical.ch\/site\/wp-json\/wp\/v2\/types\/page"}],"author":[{"embeddable":true,"href":"http:\/\/www.planvertical.ch\/site\/wp-json\/wp\/v2\/users\/1"}],"replies":[{"embeddable":true,"href":"http:\/\/www.planvertical.ch\/site\/wp-json\/wp\/v2\/comments?post=1058"}],"version-history":[{"count":9,"href":"http:\/\/www.planvertical.ch\/site\/wp-json\/wp\/v2\/pages\/1058\/revisions"}],"predecessor-version":[{"id":1267,"href":"http:\/\/www.planvertical.ch\/site\/wp-json\/wp\/v2\/pages\/1058\/revisions\/1267"}],"wp:attachment":[{"href":"http:\/\/www.planvertical.ch\/site\/wp-json\/wp\/v2\/media?parent=1058"}],"curies":[{"name":"wp","href":"https:\/\/api.w.org\/{rel}","templated":true}]}}

<p>Depuis plus de 50 ans, la plupart des itinéraires ont été gravis et équipés par des pionniers mus par leur seule passion dans chaque région, souvent avec les moyens du bord et à leurs frais. Aujourd’hui, il est essentiel de revisiter les voies en tenant compte notamment du spectaculaire engouement pour l&rsquo;escalade, du réchauffement climatique, de l&rsquo;effondrement des biodiversités et des nouvelles normes sécuritaires, bref des spectaculaires évolutions humaines et naturelles.<br />
L&rsquo;idée de notre association fondée en 2010 : valoriser la richesse de notre patrimoine vertical en fournissant conseil et matériel aux équipeurs le souhaitant.</p>
<p><a href="http://www.planvertical.ch/site/wp-content/uploads/2021/01/logo-PV.png"><img loading="lazy" class="aligncenter size-medium wp-image-1064" src="http://www.planvertical.ch/site/wp-content/uploads/2021/01/logo-PV-300x300.png" alt="logo PV" width="300" height="300" srcset="http://www.planvertical.ch/site/wp-content/uploads/2021/01/logo-PV-300x300.png 300w, http://www.planvertical.ch/site/wp-content/uploads/2021/01/logo-PV-150x150.png 150w, http://www.planvertical.ch/site/wp-content/uploads/2021/01/logo-PV-1024x1024.png 1024w, http://www.planvertical.ch/site/wp-content/uploads/2021/01/logo-PV-210x210.png 210w, http://www.planvertical.ch/site/wp-content/uploads/2021/01/logo-PV.png 1772w" sizes="(max-width: 300px) 100vw, 300px" /></a></p>
<p><strong>NOS BUTS :</strong></p>
<p>1. Soutien à l’entretien et l’aménagement des sites d’escalade</p>
<p>2. Rééquipement et équipement de voies</p>
<p>3. Coordination et synergies avec les forces en présence; humaines, politiques et naturelles</p>
<p>4. Création d’un réseau fort dans lequel les informations circulent avec efficacité.</p>
<p>5. Diffusion de nouveautés, infos et topos</p>
<p>6. Médiation avec les instances officielles et les communes pour défendre l’activité</p>
<p>7. Organisation de manifestations autour de l’escalade.</p>
<p>8. Aide à la publication de projets en lien avec l’escalade.</p>

<p>Depuis plus de 50 ans, la plupart des itinéraires ont été gravis et équipés par des pionniers mus par leur&hellip;</p>
